sands digit of 391378?
3
What is the thousands digit of 55246?
5
What is the units digit of 640470?
0
What is the tens digit of 543804?
0
What is the ten thousands digit of 82936?
8
What is the hundreds digit of 703552?
5
What is the hundred thousands digit of 2178870?
1
What is the hundreds digit of 887473?
4
What is the tens digit of 421622?
2
What is the thousands digit of 2941836?
1
What is the thousands digit of 440929?
0
What is the millions digit of 5268307?
5
What is the thousands digit of 99381?
9
What is the tens digit of 322174?
7
What is the hundred thousands digit of 2233402?
2
What is the thousands digit of 2758668?
8
What is the millions digit of 13133762?
3
What is the ten thousands digit of 572639?
7
What is the ten thousands digit of 3660235?
6
What is the tens digit of 8066718?
1
What is the units digit of 718261?
1
What is the tens digit of 1122627?
2
What is the thousands digit of 517227?
7
What is the ten thousands digit of 239300?
3
What is the hundred thousands digit of 11573270?
5
What is the ten thousands digit of 1374168?
7
What is the ten thousands digit of 620411?
2
What is the thousands digit of 91206?
1
What is the ten millions digit of 14384412?
1
What is the millions digit of 1320561?
1
What is the thousands digit of 263275?
3
What is the thousands digit of 2985933?
5
What is the hundred thousands digit of 2137337?
1
What is the hundreds digit of 358030?
0
What is the hundreds digit of 71846?
8
What is the tens digit of 61298?
9
What is the thousands digit of 6928068?
8
What is the hundred thousands digit of 122970?
1
What is the ten thousands digit of 430154?
3
What is the hundred thousands digit of 1778600?
7
What is the hundred thousands digit of 584400?
5
What is the ten thousands digit of 216793?
1
What is the thousands digit of 322575?
2
What is the thousands digit of 875964?
5
What is the tens digit of 417316?
1
What is the hundreds digit of 20660665?
6
What is the ten thousands digit of 365534?
6
What is the ten thousands digit of 183421?
8
What is the hundreds digit of 241422?
4
What is the tens digit of 307069?
6
What is the units digit of 485421?
1
What is the units digit of 749881?
1
What is the units digit of 968090?
0
What is the tens digit of 257144?
4
What is the tens digit of 262049?
4
What is the tens digit of 1851550?
5
What is the hundred thousands digit of 1806833?
8
What is the units digit of 417857?
7
What is the hundred thousands digit of 304137?
3
What is the tens digit of 1064302?
0
What is the ten thousands digit of 52161?
5
What is the millions digit of 18639720?
8
What is the hundreds digit of 324153?
1
What is the hundreds digit of 240670?
6
What is the hundreds digit of 2386635?
6
What is the units digit of 202944?
4
What is the units digit of 5595082?
2
What is the thousands digit of 2255456?
5
What is the thousands digit of 929791?
9
What is the tens digit of 700329?
2
What is the tens digit of 819298?
9
What is the hundred thousands digit of 220351?
2
What is the units digit of 239019?
9
What is the ten thousands digit of 20755518?
5
What is the tens digit of 42230?
3
What is the hundreds digit of 542735?
7
What is the units digit of 28553245?
5
What is the units digit of 1133923?
3
What is the millions digit of 2183342?
2
What is the millions digit of 12350357?
2
What is the ten thousands digit of 1527583?
2
What is the hundred thousands digit of 1441310?
4
What is the hundreds digit of 3134665?
6
What is the units digit of 9526979?
9
What is the hundred thousands digit of 29374322?
3
What is the units digit of 408288?
8
What is the hundreds digit of 817454?
4
What is the hundreds digit of 15477788?
7
What is the units digit of 226464?
4
What is the units digit of 15949016?
6
What is the hundreds digit of 10126697?
6
What is the tens digit of 91019?
1
What is the hundred thousands digit of 1757797?
7
What is the tens digit of 21982169?
6
What is the hundred thousands digit of 7387625?
3
What is the ten thousands digit of 349821?
4
What is the millions digit of 28958891?
8
What is the hundreds digit of 5288877?
8
What is the millions digit of 1220692?
1
What is the hundreds digit of 128001?
0
What is the units digit of 143272?
2
What is the tens digit of 18381430?
3
What is the hundred thousands digit of 1542002?
5
What is the hundred thousands digit of 1184659?
1
What is the hundred thousands digit of 690243?
6
What is the thousands digit of 977018?
7
What is the hundred thousands digit of 26360885?
3
What is the hundred thousands digit of 1038913?
0
What is the ten thousands digit of 3917484?
1
What is the hundreds digit of 18370?
3
What is the ten thousands digit of 658799?
5
What is the units digit of 17528?
8
What is the units digit of 616285?
5
What is the thousands digit of 12760774?
0
What is the hundreds digit of 58845?
8
What is the units digit of 2988388?
8
What is the millions digit of 1264457?
1
What is the ten thousands digit of 8202924?
0
What is the units digit of 771492?
2
What is the ten thousands digit of 246455?
4
What is the tens digit of 17788?
8
What is the ten thousands digit of 424109?
2
What is the hundreds digit of 528421?
4
What is the ten thousands digit of 25010137?
1
What is the hundred thousands digit of 273814?
2
What is the hundreds digit of 1806602?
6
What is the millions digit of 13833229?
3
What is the ten thousands digit of 115617?
1
What is the millions digit of 13817398?
3
What is the hundreds digit of 1877625?
6
What is the hundreds digit of 191268?
2
What is the thousands digit of 2550010?
0
What is the units digit of 13332861?
1
What is the thousands digit of 866711?
6
What is the thousands digit of 114125?
4
What is the thousands digit of 119256?
9
What is the tens digit of 1660426?
2
What is the ten thousands digit of 2808538?
0
What is the ten millions digit of 18069400?
1
What is the thousands digit of 146781?
6
What is the units digit of 134287?
7
What is the tens digit of 441771?
7
What is the hundreds digit of 2256452?
4
What is the thousands digit of 212721?
2
What is the ten thousands digit of 6185238?
8
What is the hundred thousands digit of 1109803?
1
What is the hundred thousands digit of 171017?
1
What is the hundreds digit of 281039?
0
What is the ten thousands digit of 3347833?
4
What is the hundreds digit of 968777?
7
What is the ten thousands digit of 3731838?
3
What is the hundreds digit of 337314?
3
What is the hundred thousands digit of 6533547?
5
What is the thousands digit of 1178046?
8
What is the thousands digit of 54953?
4
What is the ten thousands digit of 6261845?
6
What is the hundred thousands digit of 384253?
3
What is the thousands digit of 204380?
4
What is the tens digit of 4521111?
1
What is the hundreds digit of 663037?
0
What is the hundreds digit of 56126?
1
What is the tens digit of 173169?
6
What is the hundred thousands digit of 444084?
4
What is the ten thousands digit of 351505?
5
What is the tens digit of 202426?
2
What is the ten thousands digit of 376973?
7
What is the thousands digit of 505952?
5
What is the units digit of 6149164?
4
What is the tens digit of 524812?
1
What is the ten thousands digit of 606217?
0
What is the hundred thousands digit of 133754?
1
What is the ten thousands digit of 3527349?
2
What is the hundreds digit of 240761?
7
What is the ten thousands digit of 1513863?
1
What is the units digit of 417577?
7
What is the ten thousands digit of 6055801?
5
What is the hundred thousands digit of 702334?
7
What is the ten thousands digit of 15221030?
2
What is the tens digit of 5529137?
3
What is the hundreds digit of 440544?
5
What is the hundred thousands digit of 21935622?
9
What is the units digit of 114983?
3
What is the hundreds digit of 294616?
6
What is the hundred thousands digit of 253851?
2
What is the thousands digit of 81734?
1
What is the tens digit of 13689368?
6
What is the ten thousands digit of 533809?
3
What is the thousands digit of 1827221?
7
What is the millions digit of 1136122?
1
What is the ten thousands digit of 447780?
4
What is the ten thousands digit of 4367805?
6
What is the hundred thousands digit of 159923?
1
What is the hundreds digit of 15842898?
8
What is the hundreds digit of 1318085?
0
What is the hundreds digit of 2500744?
7
What is t